{"id":571,"date":"2023-05-29T13:45:54","date_gmt":"2023-05-29T13:45:54","guid":{"rendered":"https:\/\/kozpont.tamaszpont.net\/?page_id=571"},"modified":"2025-11-10T14:33:49","modified_gmt":"2025-11-10T14:33:49","slug":"veresi-ifjusagi-fesztival-vif","status":"publish","type":"page","link":"https:\/\/kozpont.tamaszpont.net\/index.php\/veresi-ifjusagi-fesztival-vif\/","title":{"rendered":"Veresi Ifj\u00fas\u00e1gi Fesztiv\u00e1l &#8211; VIF"},"content":{"rendered":"<div class=\"wp-block-image\">\n<figure class=\"aligncenter size-large\"><img loading=\"lazy\" decoding=\"async\" width=\"1024\" height=\"277\" src=\"https:\/\/kozpont.tamaszpont.net\/wp-content\/uploads\/2023\/05\/VIF-kep-1-1024x277.jpeg\" alt=\"\" class=\"wp-image-578\" srcset=\"https:\/\/kozpont.tamaszpont.net\/wp-content\/uploads\/2023\/05\/VIF-kep-1-1024x277.jpeg 1024w, https:\/\/kozpont.tamaszpont.net\/wp-content\/uploads\/2023\/05\/VIF-kep-1-300x81.jpeg 300w, https:\/\/kozpont.tamaszpont.net\/wp-content\/uploads\/2023\/05\/VIF-kep-1-768x207.jpeg 768w, https:\/\/kozpont.tamaszpont.net\/wp-content\/uploads\/2023\/05\/VIF-kep-1-1536x415.jpeg 1536w, https:\/\/kozpont.tamaszpont.net\/wp-content\/uploads\/2023\/05\/VIF-kep-1.jpeg 2048w\" sizes=\"auto, (max-width: 799px) 94vw, (max-width: 1023px) 67vw, (max-width: 1365px) 62vw, 1037\" \/><\/figure>\n<\/div>\n\n\n<p>Veresi Ifj\u00fas\u00e1gi Fesztiv\u00e1l (VIF) egy helyi ifj\u00fas\u00e1gi kezdem\u00e9nyez\u00e9sk\u00e9nt indult, amelyet minden \u00e9vben \u00f6nk\u00e9nteseink szerveznek a v\u00e1ros fiataljai sz\u00e1m\u00e1ra, a ny\u00e1r v\u00e9g\u00e9n, a tan\u00e9v kezdete el\u0151tt, amely m\u00e1ra Veresegyh\u00e1z egyik legnagyobb, fiataloknak sz\u00f3l\u00f3 k\u00f6z\u00f6ss\u00e9gi esem\u00e9ny\u00e9v\u00e9 n\u0151tte ki mag\u00e1t. A fesztiv\u00e1l \u00e9vr\u0151l \u00e9vre bizony\u00edtja l\u00e9tjogosults\u00e1g\u00e1t: er\u0151s\u00edti a helyi fiatalok k\u00f6z\u00f6ss\u00e9gi \u00f6sszetartoz\u00e1s\u00e1t, fejleszti a szervez\u00e9sben r\u00e9sztvev\u0151k kompetenci\u00e1it, \u00e9s biztons\u00e1gos, \u00e9rt\u00e9kteremt\u0151 szabadid\u0151s lehet\u0151s\u00e9get biztos\u00edt a koroszt\u00e1ly sz\u00e1m\u00e1ra. A rendezv\u00e9ny k\u00fcl\u00f6nlegess\u00e9ge, hogy nem csup\u00e1n sz\u00f3rakoztat\u00f3 esem\u00e9ny, hanem minden \u00e9vben j\u00f3t\u00e9konys\u00e1gi c\u00e9lt is szolg\u00e1l. A repoharakb\u00f3l, henn\u00e1b\u00f3l \u00e9s bel\u00e9p\u0151kb\u0151l befolyt \u00f6sszeget minden alkalommal felaj\u00e1nljuk egy helyi vagy t\u00e9rs\u00e9gi j\u00f3 \u00fcgy t\u00e1mogat\u00e1s\u00e1ra. Ezzel a fiatalok nemcsak k\u00f6z\u00f6ss\u00e9gi \u00e9lm\u00e9nyt kapnak, hanem megtapasztalj\u00e1k a t\u00e1rsadalmi felel\u0151ss\u00e9gv\u00e1llal\u00e1s \u00e9s a seg\u00edt\u0151 sz\u00e1nd\u00e9k erej\u00e9t is. A j\u00f3t\u00e9konys\u00e1gi elem m\u00e1ra a fesztiv\u00e1l egyik legfontosabb \u00fczenet\u00e9v\u00e9 v\u00e1lt, hiszen a k\u00f6z\u00f6ss\u00e9gi \u00e9lm\u00e9nyen t\u00fal a helyi \u00f6sszefog\u00e1s \u00e9s szolidarit\u00e1s fontoss\u00e1g\u00e1t is k\u00f6zvet\u00edti.&nbsp;<\/p>\n\n\n\n<p>A VIF szervez\u00e9se minden \u00e9vben \u00faj kih\u00edv\u00e1sokat \u00e9s fejl\u0151d\u00e9si lehet\u0151s\u00e9geket k\u00edn\u00e1l az ifj\u00fas\u00e1gi k\u00f6z\u00f6ss\u00e9g sz\u00e1m\u00e1ra. A programok folyamatos meg\u00faj\u00edt\u00e1sa, a fiatalok ig\u00e9nyeinek figyelembev\u00e9tele \u00e9s a modern ifj\u00fas\u00e1gi trendek be\u00e9p\u00edt\u00e9se biztos\u00edtja, hogy a fesztiv\u00e1l \u00e9vr\u0151l \u00e9vre friss, vonz\u00f3 \u00e9s relev\u00e1ns maradjon. Az \u00f6nk\u00e9nteseink mellett \u00e9vente mintegy 20\u201325 iskolai k\u00f6z\u00f6ss\u00e9gi szolg\u00e1latos di\u00e1k vesz r\u00e9szt a szervez\u00e9sben \u00e9s lebonyol\u00edt\u00e1sban, akik ez\u00e1ltal gyakorlati tapasztalatokat szerezhetnek csapatmunk\u00e1ban, rendezv\u00e9nyszervez\u00e9sben \u00e9s kommunik\u00e1ci\u00f3ban.&nbsp;<\/p>\n\n\n\n<p>A fesztiv\u00e1l idej\u00e9re az Ifj\u00fas\u00e1gi H\u00e1z udvara val\u00f3di fesztiv\u00e1lhelysz\u00ednn\u00e9 alakul, ahol napk\u00f6zben k\u00fcl\u00f6nb\u00f6z\u0151 sportprogramok, d\u00e9lut\u00e1n \u00e9s este pedig sz\u00ednpadi el\u0151ad\u00e1sok, koncertek \u00e9s DJ-szettek v\u00e1rj\u00e1k a r\u00e9sztvev\u0151ket. Az elm\u00falt \u00e9vekben a fesztiv\u00e1l l\u00e1togatotts\u00e1ga folyamatosan n\u0151tt. A n\u00f6vekv\u0151 \u00e9rdekl\u0151d\u00e9s miatt a k\u00f6vetkez\u0151 \u00e9vekben tervezz\u00fck a fesztiv\u00e1l \u00faj, nagyobb befogad\u00f3k\u00e9pess\u00e9g\u0171 helysz\u00ednre val\u00f3 \u00e1thelyez\u00e9s\u00e9t. Ez nemcsak a r\u00e9sztvev\u0151k k\u00e9nyelm\u00e9t szolg\u00e1ln\u00e1, hanem a k\u00f6rny\u00e9ken \u00e9l\u0151k nyugalm\u00e1t is biztos\u00edtan\u00e1, mik\u00f6zben tov\u00e1bb b\u0151v\u00edten\u00e9 a programok megval\u00f3s\u00edt\u00e1s\u00e1nak lehet\u0151s\u00e9geit. A Veresi Ifj\u00fas\u00e1gi Fesztiv\u00e1l teh\u00e1t nem csup\u00e1n egy ny\u00e1rz\u00e1r\u00f3 esem\u00e9ny, hanem egy k\u00f6z\u00f6ss\u00e9gfejleszt\u0151 \u00e9s \u00e9rt\u00e9kteremt\u0151 ifj\u00fas\u00e1gi projekt, amely hozz\u00e1j\u00e1rul a fiatalok szem\u00e9lyes fejl\u0151d\u00e9s\u00e9hez, az \u00f6nk\u00e9ntess\u00e9g \u00e9s a t\u00e1rsadalmi felel\u0151ss\u00e9gv\u00e1llal\u00e1s er\u0151s\u00edt\u00e9s\u00e9hez, valamint Veresegyh\u00e1z ifj\u00fas\u00e1gi \u00e9let\u00e9nek gazdag\u00edt\u00e1s\u00e1hoz.&nbsp;<\/p>\n\n\n\n<figure class=\"wp-block-image size-large\"><img loading=\"lazy\" decoding=\"async\" width=\"1024\" height=\"684\" src=\"https:\/\/kozpont.tamaszpont.net\/wp-content\/uploads\/2023\/05\/VIF-kep-2-1024x684.jpeg\" alt=\"\" class=\"wp-image-580\" srcset=\"https:\/\/kozpont.tamaszpont.net\/wp-content\/uploads\/2023\/05\/VIF-kep-2-1024x684.jpeg 1024w, https:\/\/kozpont.tamaszpont.net\/wp-content\/uploads\/2023\/05\/VIF-kep-2-300x200.jpeg 300w, https:\/\/kozpont.tamaszpont.net\/wp-content\/uploads\/2023\/05\/VIF-kep-2-768x513.jpeg 768w, https:\/\/kozpont.tamaszpont.net\/wp-content\/uploads\/2023\/05\/VIF-kep-2-1536x1025.jpeg 1536w, https:\/\/kozpont.tamaszpont.net\/wp-content\/uploads\/2023\/05\/VIF-kep-2.jpeg 2048w\" sizes=\"auto, (max-width: 799px) 94vw, (max-width: 1023px) 67vw, (max-width: 1365px) 62vw, 1037\" \/><\/figure>\n\n\n\n<p><a rel=\"noreferrer noopener\" href=\"https:\/\/www.facebook.com\/veresiifjusagifesztival\" target=\"_blank\">https:\/\/www.facebook.com\/veresiifjusagifesztival <\/a><\/p>\n\n\n\n<p><a rel=\"noreferrer noopener\" href=\"https:\/\/www.instagram.com\/veresiifjusagifesztival\" target=\"_blank\">https:\/\/www.instagram.com\/veresiifjusagifesztival<\/a><\/p>\n","protected":false},"excerpt":{"rendered":"<p>Veresi Ifj\u00fas\u00e1gi Fesztiv\u00e1l (VIF) egy helyi ifj\u00fas\u00e1gi kezdem\u00e9nyez\u00e9sk\u00e9nt indult, amelyet minden \u00e9vben \u00f6nk\u00e9nteseink szerveznek a v\u00e1ros fiataljai sz\u00e1m\u00e1ra, a ny\u00e1r &hellip; <a href=\"https:\/\/kozpont.tamaszpont.net\/index.php\/veresi-ifjusagi-fesztival-vif\/\" class=\"more-link\"><span class=\"more-button\">Continue reading &gt;<span class=\"screen-reader-text\">Veresi Ifj\u00fas\u00e1gi Fesztiv\u00e1l &#8211; VIF<\/span><\/span><\/a><\/p>\n","protected":false},"author":3,"featured_media":0,"parent":0,"menu_order":0,"comment_status":"closed","ping_status":"closed","template":"","meta":{"footnotes":""},"class_list":["post-571","page","type-page","status-publish","hentry"],"_links":{"self":[{"href":"https:\/\/kozpont.tamaszpont.net\/index.php\/wp-json\/wp\/v2\/pages\/571","targetHints":{"allow":["GET"]}}],"collection":[{"href":"https:\/\/kozpont.tamaszpont.net\/index.php\/wp-json\/wp\/v2\/pages"}],"about":[{"href":"https:\/\/kozpont.tamaszpont.net\/index.php\/wp-json\/wp\/v2\/types\/page"}],"author":[{"embeddable":true,"href":"https:\/\/kozpont.tamaszpont.net\/index.php\/wp-json\/wp\/v2\/users\/3"}],"replies":[{"embeddable":true,"href":"https:\/\/kozpont.tamaszpont.net\/index.php\/wp-json\/wp\/v2\/comments?post=571"}],"version-history":[{"count":5,"href":"https:\/\/kozpont.tamaszpont.net\/index.php\/wp-json\/wp\/v2\/pages\/571\/revisions"}],"predecessor-version":[{"id":633,"href":"https:\/\/kozpont.tamaszpont.net\/index.php\/wp-json\/wp\/v2\/pages\/571\/revisions\/633"}],"wp:attachment":[{"href":"https:\/\/kozpont.tamaszpont.net\/index.php\/wp-json\/wp\/v2\/media?parent=571"}],"curies":[{"name":"wp","href":"https:\/\/api.w.org\/{rel}","templated":true}]}}