{"id":158,"date":"2021-07-27T14:37:32","date_gmt":"2021-07-27T14:37:32","guid":{"rendered":"http:\/\/51.124.107.145\/?page_id=158"},"modified":"2025-11-12T08:14:54","modified_gmt":"2025-11-12T08:14:54","slug":"esc","status":"publish","type":"page","link":"https:\/\/kozpont.tamaszpont.net\/index.php\/esc\/","title":{"rendered":"ESC"},"content":{"rendered":"\n<h2 class=\"wp-block-heading\">\u00d6nk\u00e9ntes Tev\u00e9kenys\u00e9g&nbsp;&nbsp;<\/h2>\n\n\n\n<p>Az Eur\u00f3pai Szolidarit\u00e1si Test\u00fclet (ESZT) vagy European Solidarity Corps (ESC) 18 \u00e9s 30 \u00e9v k\u00f6z\u00f6tti fiataloknak ny\u00fajt lehet\u0151s\u00e9get arra, hogy egy k\u00fclf\u00f6ldi nonprofit szervezetn\u00e9l v\u00e9gezzenek \u00f6nk\u00e9ntes munk\u00e1t.&nbsp;<\/p>\n\n\n\n<p>Ennek k\u00e9t t\u00edpusa van. A csoportos \u00f6nk\u00e9ntess\u00e9g 2-8 h\u00e9tig tarthat, m\u00edg az egy\u00e9ni \u00f6nk\u00e9ntess\u00e9g id\u0151tartama 2-12 h\u00f3nap k\u00f6zt lehet. A projekteket k\u00fcl\u00f6nb\u00f6z\u0151, v\u00e1ltozatos t\u00e9m\u00e1kban hirdetik meg a szervezetek, profiljukt\u00f3l f\u00fcgg\u0151en. \u00cdgy teh\u00e1t r\u00e9szt vehettek kultur\u00e1lis programok szervez\u00e9s\u00e9ben, k\u00f6rnyezetv\u00e9delmi projektekben, hozz\u00e1j\u00e1rulhattok id\u0151seket vagy fogyat\u00e9koss\u00e1ggal \u00e9l\u0151ket t\u00e1mogat\u00f3 int\u00e9zm\u00e9nyek tev\u00e9kenys\u00e9geihez, de seg\u00edthetitek iskol\u00e1k, \u00f3vod\u00e1k vagy ifj\u00fas\u00e1gi szervezetek munk\u00e1j\u00e1t is.&nbsp;<\/p>\n\n\n\n<p>Az Eur\u00f3pai Uni\u00f3 anyagi t\u00e1mogat\u00e1st ny\u00fajt az \u00f6nk\u00e9ntes szolg\u00e1lat megval\u00f3s\u00edt\u00e1s\u00e1hoz az Eur\u00f3pai Szolidarit\u00e1si Test\u00fclet programban p\u00e1ly\u00e1zat \u00fatj\u00e1n: \u00e1tal\u00e1ny\u00f6sszeget hat\u00e1roz meg a projekt lebonyol\u00edt\u00e1s\u00e1ra, az \u00fatik\u00f6lts\u00e9gre, a sz\u00e1ll\u00e1sra, ell\u00e1t\u00e1sra, biztos\u00edt\u00e1sra, nyelvi felk\u00e9sz\u00edt\u00e9sre \u00e9s zsebp\u00e9nzre.&nbsp;&nbsp;<\/p>\n\n\n\n<p>ESC \u00f6nk\u00e9ntes projekt teljes\u00edt\u00e9s\u00e9re t\u00f6bb, mint 50 orsz\u00e1gban van lehet\u0151s\u00e9g. Ha teh\u00e1t \u00e9rdekel egy bizonyos t\u00e9ma vagy egy konkr\u00e9t orsz\u00e1g, az al\u00e1bbi weboldalon b\u00f6ng\u00e9szhetsz az aktu\u00e1lis lehet\u0151s\u00e9gek k\u00f6z\u00f6tt: <a href=\"https:\/\/youth.europa.eu\/go-abroad\/volunteering\/opportunities_hu\" target=\"_blank\" rel=\"noreferrer noopener\">https:\/\/youth.europa.eu\/go-abroad\/volunteering\/opportunities_hu<\/a>&nbsp;<\/p>\n\n\n\n<p>A jelentkez\u00e9shez egyr\u00e9szt regisztr\u00e1lnod kell az ESZT weboldal\u00e1n, m\u00e1sr\u00e9szt meg kell felelned a fogad\u00f3, k\u00fclf\u00f6ldi szervezet felt\u00e9teleinek. A projekt sor\u00e1n sz\u00fcks\u00e9ged lesz egy k\u00fcld\u0151, magyar szervezetre is, ami mi, a T\u00e1maszpont MOPKA is lehet\u00fcnk neked! Ha tov\u00e1bbi k\u00e9rd\u00e9sed van vagy seg\u00edts\u00e9gre van sz\u00fcks\u00e9ged, nyugodtan keresd fel nemzetk\u00f6zi program koordin\u00e1torainkat:&nbsp;&nbsp;<\/p>\n\n\n\n<div class=\"wp-block-columns is-layout-flex wp-container-core-columns-is-layout-9d6595d7 wp-block-columns-is-layout-flex\">\n<div class=\"wp-block-column is-layout-flow wp-block-column-is-layout-flow\">\n<p><strong>G\u00e1l Viktor<\/strong><br>nemzetk\u00f6zi program koordin\u00e1tor <a href=\"mailto:gal.viktor@tamaszpont.net\" target=\"_blank\" rel=\"noreferrer noopener\">gal.viktor@tamaszpont.net<\/a>\u00a0\u00a0<\/p>\n<\/div>\n\n\n\n<div class=\"wp-block-column is-layout-flow wp-block-column-is-layout-flow\">\n<p><\/p>\n<\/div>\n\n\n\n<div class=\"wp-block-column is-layout-flow wp-block-column-is-layout-flow\">\n<p><\/p>\n<\/div>\n<\/div>\n\n\n\n<p><a rel=\"noreferrer noopener\" href=\"https:\/\/szolidaritasitestulet.hu\/fiataloknak-az-onkentessegrol\" target=\"_blank\">Itt<\/a> pedig minden tov\u00e1bbi fontos inform\u00e1ci\u00f3t megtal\u00e1lsz a programmal kapcsolatban.&nbsp;<\/p>\n","protected":false},"excerpt":{"rendered":"<p>\u00d6nk\u00e9ntes Tev\u00e9kenys\u00e9g&nbsp;&nbsp; Az Eur\u00f3pai Szolidarit\u00e1si Test\u00fclet (ESZT) vagy European Solidarity Corps (ESC) 18 \u00e9s 30 \u00e9v k\u00f6z\u00f6tti fiataloknak ny\u00fajt lehet\u0151s\u00e9get &hellip; <a href=\"https:\/\/kozpont.tamaszpont.net\/index.php\/esc\/\" class=\"more-link\"><span class=\"more-button\">Continue reading &gt;<span class=\"screen-reader-text\">ESC<\/span><\/span><\/a><\/p>\n","protected":false},"author":1,"featured_media":0,"parent":0,"menu_order":0,"comment_status":"closed","ping_status":"closed","template":"","meta":{"footnotes":""},"class_list":["post-158","page","type-page","status-publish","hentry"],"_links":{"self":[{"href":"https:\/\/kozpont.tamaszpont.net\/index.php\/wp-json\/wp\/v2\/pages\/158","targetHints":{"allow":["GET"]}}],"collection":[{"href":"https:\/\/kozpont.tamaszpont.net\/index.php\/wp-json\/wp\/v2\/pages"}],"about":[{"href":"https:\/\/kozpont.tamaszpont.net\/index.php\/wp-json\/wp\/v2\/types\/page"}],"author":[{"embeddable":true,"href":"https:\/\/kozpont.tamaszpont.net\/index.php\/wp-json\/wp\/v2\/users\/1"}],"replies":[{"embeddable":true,"href":"https:\/\/kozpont.tamaszpont.net\/index.php\/wp-json\/wp\/v2\/comments?post=158"}],"version-history":[{"count":3,"href":"https:\/\/kozpont.tamaszpont.net\/index.php\/wp-json\/wp\/v2\/pages\/158\/revisions"}],"predecessor-version":[{"id":656,"href":"https:\/\/kozpont.tamaszpont.net\/index.php\/wp-json\/wp\/v2\/pages\/158\/revisions\/656"}],"wp:attachment":[{"href":"https:\/\/kozpont.tamaszpont.net\/index.php\/wp-json\/wp\/v2\/media?parent=158"}],"curies":[{"name":"wp","href":"https:\/\/api.w.org\/{rel}","templated":true}]}}