{"id":100,"date":"2021-07-27T13:43:47","date_gmt":"2021-07-27T13:43:47","guid":{"rendered":"http:\/\/51.124.107.145\/?page_id=100"},"modified":"2023-05-29T14:31:51","modified_gmt":"2023-05-29T14:31:51","slug":"kalandtura-veresegyhazon","status":"publish","type":"page","link":"https:\/\/kozpont.tamaszpont.net\/index.php\/kalandtura-veresegyhazon\/","title":{"rendered":"Kalandt\u00fara Veresegyh\u00e1zon"},"content":{"rendered":"<div class=\"wp-block-image\">\n<figure class=\"aligncenter size-large is-resized\"><img loading=\"lazy\" decoding=\"async\" src=\"https:\/\/kozpont.tamaszpont.net\/wp-content\/uploads\/2021\/08\/hos_motivum_web-edited-1024x768.png\" alt=\"\" class=\"wp-image-364\" width=\"629\" height=\"472\" srcset=\"https:\/\/kozpont.tamaszpont.net\/wp-content\/uploads\/2021\/08\/hos_motivum_web-edited-1024x768.png 1024w, https:\/\/kozpont.tamaszpont.net\/wp-content\/uploads\/2021\/08\/hos_motivum_web-edited-300x225.png 300w, https:\/\/kozpont.tamaszpont.net\/wp-content\/uploads\/2021\/08\/hos_motivum_web-edited-768x576.png 768w, https:\/\/kozpont.tamaszpont.net\/wp-content\/uploads\/2021\/08\/hos_motivum_web-edited.png 1500w\" sizes=\"auto, (max-width: 629px) 100vw, 629px\" \/><\/figure>\n<\/div>\n\n\n<h2 class=\"wp-block-heading has-text-align-center\"><strong>H\u0150S KERESTETIK, AVAGY L\u00c9GY TE A VIL\u00c1GOD \u0150RZ\u0150JE!<\/strong><\/h2>\n\n\n\n<p><strong>Sz\u00edvesen t\u00far\u00e1zn\u00e1l a csal\u00e1ddal, kisgyerekeiddel vagy a bar\u00e1tokkal? Szeretn\u00e9d m\u00e9g izgalmasabb\u00e1 tenni a s\u00e9t\u00e1t? Akkor ez a Te j\u00e1t\u00e9kod! Ismerd meg a T\u00e1maszpont MOPKA \u00faj, mes\u00e9vel \u00e1tsz\u0151tt csal\u00e1di t\u00fara \u00e9lm\u00e9ny\u00e9t<\/strong>. <\/p>\n\n\n\n<figure class=\"wp-block-image size-large\"><img loading=\"lazy\" decoding=\"async\" width=\"1024\" height=\"226\" src=\"https:\/\/kozpont.tamaszpont.net\/wp-content\/uploads\/2021\/08\/ut_elements-1024x226.png\" alt=\"\" class=\"wp-image-393\" srcset=\"https:\/\/kozpont.tamaszpont.net\/wp-content\/uploads\/2021\/08\/ut_elements-1024x226.png 1024w, https:\/\/kozpont.tamaszpont.net\/wp-content\/uploads\/2021\/08\/ut_elements-300x66.png 300w, https:\/\/kozpont.tamaszpont.net\/wp-content\/uploads\/2021\/08\/ut_elements-768x169.png 768w, https:\/\/kozpont.tamaszpont.net\/wp-content\/uploads\/2021\/08\/ut_elements.png 1130w\" sizes=\"auto, (max-width: 799px) 94vw, (max-width: 1023px) 67vw, (max-width: 1365px) 62vw, 1037\" \/><\/figure>\n\n\n\n<p><strong>Ezen a kaland t\u00far\u00e1n belecs\u00f6ppensz egy mes\u00e9be, aminek a f\u0151szerepl\u0151j\u00e9v\u00e9 v\u00e1lsz \u00e9s meg kell mentened a saj\u00e1t vil\u00e1godat.&nbsp;<\/strong><\/p>\n\n\n\n<div class=\"wp-block-columns is-layout-flex wp-container-core-columns-is-layout-9d6595d7 wp-block-columns-is-layout-flex\">\n<div class=\"wp-block-column is-layout-flow wp-block-column-is-layout-flow\">\n<figure class=\"wp-block-image size-full\"><img loading=\"lazy\" decoding=\"async\" width=\"309\" height=\"264\" src=\"https:\/\/kozpont.tamaszpont.net\/wp-content\/uploads\/2021\/08\/km_elements.jpg\" alt=\"\" class=\"wp-image-368\" srcset=\"https:\/\/kozpont.tamaszpont.net\/wp-content\/uploads\/2021\/08\/km_elements.jpg 309w, https:\/\/kozpont.tamaszpont.net\/wp-content\/uploads\/2021\/08\/km_elements-300x256.jpg 300w\" sizes=\"auto, (max-width: 309px) 100vw, 309px\" \/><\/figure>\n\n\n\n<p>Az \u00fatvonal a B\u00facs\u00fa t\u00e9r melletti Sz\u0151dr\u00e1kosi-patak partj\u00e1n kezd\u0151dik, a t\u00f3 ment\u00e9n a f\u0151t\u00e9r fel\u00e9, majd a K\u00f6z-pont Ifj\u00fas\u00e1gi H\u00e1zhoz vezet. Ez mind\u00f6ssze&nbsp;<strong>1,4 km<\/strong>, \u00edgy gyermekekkel is k\u00e9nyelmesen elv\u00e9gezhet\u0151.&nbsp;<\/p>\n<\/div>\n\n\n\n<div class=\"wp-block-column is-layout-flow wp-block-column-is-layout-flow\">\n<figure class=\"wp-block-image size-full\"><img loading=\"lazy\" decoding=\"async\" width=\"309\" height=\"264\" src=\"https:\/\/kozpont.tamaszpont.net\/wp-content\/uploads\/2021\/08\/allomas_elements.jpg\" alt=\"\" class=\"wp-image-330\" srcset=\"https:\/\/kozpont.tamaszpont.net\/wp-content\/uploads\/2021\/08\/allomas_elements.jpg 309w, https:\/\/kozpont.tamaszpont.net\/wp-content\/uploads\/2021\/08\/allomas_elements-300x256.jpg 300w\" sizes=\"auto, (max-width: 309px) 100vw, 309px\" \/><\/figure>\n\n\n\n<p>A t\u00fara sor\u00e1n&nbsp;<strong>7 \u00e1llom\u00e1s<\/strong>&nbsp;v\u00e1r, ahol k\u00fcl\u00f6nb\u00f6z\u0151 feladatokat kell v\u00e9grehajtanod. Az els\u0151 \u00e1llom\u00e1son a&nbsp;<strong>raklap b\u00fatorokra felszerelt postal\u00e1d\u00e1ban tal\u00e1ltok t\u00e9rk\u00e9pet<\/strong>, ami v\u00e9gig visz az \u00fatvonalon.&nbsp;<\/p>\n<\/div>\n\n\n\n<div class=\"wp-block-column is-layout-flow wp-block-column-is-layout-flow\">\n<figure class=\"wp-block-image size-full\"><img loading=\"lazy\" decoding=\"async\" width=\"309\" height=\"264\" src=\"https:\/\/kozpont.tamaszpont.net\/wp-content\/uploads\/2021\/08\/qr_elements.jpg\" alt=\"\" class=\"wp-image-385\" srcset=\"https:\/\/kozpont.tamaszpont.net\/wp-content\/uploads\/2021\/08\/qr_elements.jpg 309w, https:\/\/kozpont.tamaszpont.net\/wp-content\/uploads\/2021\/08\/qr_elements-300x256.jpg 300w\" sizes=\"auto, (max-width: 309px) 100vw, 309px\" \/><\/figure>\n\n\n\n<p>A t\u00e9rk\u00e9p h\u00e1toldal\u00e1n tal\u00e1lod az els\u0151 feladatot \u00e9s a hozz\u00e1val\u00f3 <strong>QR k\u00f3dot<\/strong>. Az \u00e1llom\u00e1sokon \u00e9rtelemszer\u0171en sorba kell v\u00e9gig menni \u00e9s \u00edgy egy mese h\u0151s\u00e9v\u00e9 v\u00e1lhatsz.&nbsp;<\/p>\n<\/div>\n<\/div>\n\n\n\n<p><strong>A j\u00e1rv\u00e1nyhelyzetre val\u00f3 tekintettel mindenhol online lesznek a feladatok, amihez a k\u00f6vetkez\u0151re van sz\u00fcks\u00e9g:&nbsp;<\/strong><\/p>\n\n\n\n<p class=\"has-text-align-left\"><img decoding=\"async\" class=\"wp-image-117\" style=\"width: 100px;\" src=\"http:\/\/51.124.107.145\/wp-content\/uploads\/2021\/07\/1_elements.jpg\" alt=\"\"><img loading=\"lazy\" decoding=\"async\" width=\"100\" height=\"85\" class=\"wp-image-306\" style=\"width: 100px;\" src=\"https:\/\/kozpont.tamaszpont.net\/wp-content\/uploads\/2021\/08\/1_elements.jpg\" alt=\"\"><strong>T\u00f6ltsd le az ACTIONBOUND alkalmaz\u00e1st a Play \u00e1ruh\u00e1zb\u00f3l vagy App Store-b\u00f3l<\/strong><\/p>\n\n\n\n<p><img decoding=\"async\" class=\"wp-image-120\" style=\"width: 100px;\" src=\"http:\/\/51.124.107.145\/wp-content\/uploads\/2021\/07\/2_elements.jpg\" alt=\"\"><img loading=\"lazy\" decoding=\"async\" width=\"100\" height=\"85\" class=\"wp-image-307\" style=\"width: 100px;\" src=\"https:\/\/kozpont.tamaszpont.net\/wp-content\/uploads\/2021\/08\/2_elements.jpg\" alt=\"\"><strong>Minden \u00e1llom\u00e1son ki van f\u00fcggesztve egy QR k\u00f3d. Olvasd le \u00e9s a telefonon kereszt\u00fcl l\u00e1thatod a feladatot.<\/strong><\/p>\n\n\n\n<p><img decoding=\"async\" class=\"wp-image-121\" style=\"width: 100px;\" src=\"http:\/\/51.124.107.145\/wp-content\/uploads\/2021\/07\/cel_elements.jpg\" alt=\"\"><img loading=\"lazy\" decoding=\"async\" width=\"100\" height=\"85\" class=\"wp-image-331\" style=\"width: 100px;\" src=\"https:\/\/kozpont.tamaszpont.net\/wp-content\/uploads\/2021\/08\/cel_elements.jpg\" alt=\"\"><strong>Az utols\u00f3 \u00e1llom\u00e1son, a K\u00f6z-pont Ifj\u00fas\u00e1gi H\u00e1zon l\u00e9v\u0151 postal\u00e1d\u00e1ba, ha bedobod a t\u00e9rk\u00e9pet ell\u00e1tva a lakc\u00edmeddel kit\u00fcntet\u00e9st kapsz, ha elv\u00e9gezted a t\u00fara feladatait.<\/strong><\/p>\n\n\n\n<h2 class=\"wp-block-heading\">A t\u00fara szab\u00e1lyai:<\/h2>\n\n\n\n<ul class=\"wp-block-list\">\n<li>Minden \u00e1llom\u00e1son a feladatokat v\u00e9gre kell hajtani.<\/li>\n\n\n\n<li>Amire sz\u00fcks\u00e9ged van: telefon mobilinternettel, toll.<\/li>\n\n\n\n<li>V\u00e9dd a k\u00f6rnyezeted, ne szemetelj, ne t\u00f6rj le \u00e1gakat, n\u00f6v\u00e9nyeket!<\/li>\n\n\n\n<li>A j\u00e1rv\u00e1ny\u00fcgyi szab\u00e1lyokat tarts\u00e1tok be, ha tal\u00e1lkoztok m\u00e1s t\u00far\u00e1z\u00f3val is, vigy\u00e1zzatok egym\u00e1sra.<\/li>\n\n\n\n<li>A t\u00e9rk\u00e9pen az elv\u00e9gzett \u00e1llom\u00e1sokat X-el jel\u00f6ld.<\/li>\n\n\n\n<li>Az els\u0151 feladat egy r\u00e9sze a t\u00e9rk\u00e9pen tal\u00e1lhat\u00f3, ami a pap\u00edron kit\u00f6ltend\u0151.\u00a0<\/li>\n<\/ul>\n\n\n\n<p>Facebook: https:\/\/www.facebook.com\/hoskerestetik<\/p>\n","protected":false},"excerpt":{"rendered":"<p>H\u0150S KERESTETIK, AVAGY L\u00c9GY TE A VIL\u00c1GOD \u0150RZ\u0150JE! Sz\u00edvesen t\u00far\u00e1zn\u00e1l a csal\u00e1ddal, kisgyerekeiddel vagy a bar\u00e1tokkal? Szeretn\u00e9d m\u00e9g izgalmasabb\u00e1 tenni &hellip; <a href=\"https:\/\/kozpont.tamaszpont.net\/index.php\/kalandtura-veresegyhazon\/\" class=\"more-link\"><span class=\"more-button\">Continue reading &gt;<span class=\"screen-reader-text\">Kalandt\u00fara Veresegyh\u00e1zon<\/span><\/span><\/a><\/p>\n","protected":false},"author":1,"featured_media":0,"parent":0,"menu_order":0,"comment_status":"closed","ping_status":"closed","template":"","meta":{"footnotes":""},"class_list":["post-100","page","type-page","status-publish","hentry"],"_links":{"self":[{"href":"https:\/\/kozpont.tamaszpont.net\/index.php\/wp-json\/wp\/v2\/pages\/100","targetHints":{"allow":["GET"]}}],"collection":[{"href":"https:\/\/kozpont.tamaszpont.net\/index.php\/wp-json\/wp\/v2\/pages"}],"about":[{"href":"https:\/\/kozpont.tamaszpont.net\/index.php\/wp-json\/wp\/v2\/types\/page"}],"author":[{"embeddable":true,"href":"https:\/\/kozpont.tamaszpont.net\/index.php\/wp-json\/wp\/v2\/users\/1"}],"replies":[{"embeddable":true,"href":"https:\/\/kozpont.tamaszpont.net\/index.php\/wp-json\/wp\/v2\/comments?post=100"}],"version-history":[{"count":19,"href":"https:\/\/kozpont.tamaszpont.net\/index.php\/wp-json\/wp\/v2\/pages\/100\/revisions"}],"predecessor-version":[{"id":614,"href":"https:\/\/kozpont.tamaszpont.net\/index.php\/wp-json\/wp\/v2\/pages\/100\/revisions\/614"}],"wp:attachment":[{"href":"https:\/\/kozpont.tamaszpont.net\/index.php\/wp-json\/wp\/v2\/media?parent=100"}],"curies":[{"name":"wp","href":"https:\/\/api.w.org\/{rel}","templated":true}]}}